{"version":"1.0","provider_name":"EVsare","provider_url":"https:\/\/evsare.com\/pt\/","author_name":"gesIbil","author_url":"https:\/\/evsare.com\/pt\/sala-de-prensa\/author\/gesibil\/","title":"10 ANOS DE EXPERI\u00caNCIA EM MOBILIDADE EL\u00c9TRICA - EVsare","type":"rich","width":600,"height":338,"html":"<blockquote class=\"wp-embedded-content\" data-secret=\"ndQhAlp1Gm\"><a href=\"https:\/\/evsare.com\/pt\/quienes-somos\/\">10 ANOS DE EXPERI\u00caNCIA <br\/>EM MOBILIDADE EL\u00c9TRICA<\/a><\/blockquote><iframe sandbox=\"allow-scripts\" security=\"restricted\" src=\"https:\/\/evsare.com\/pt\/quienes-somos\/embed\/#?secret=ndQhAlp1Gm\" width=\"600\" height=\"338\" title=\"&#8220;10 ANOS DE EXPERI\u00caNCIA &lt;br\/&gt;EM MOBILIDADE EL\u00c9TRICA&#8221; &#8212; EVsare\" data-secret=\"ndQhAlp1Gm\" frameborder=\"0\" marginwidth=\"0\" marginheight=\"0\" scrolling=\"no\" class=\"wp-embedded-content\"><\/iframe><script type=\"text\/javascript\">\n\/* <![CDATA[ *\/\n\/*! This file is auto-generated *\/\n!function(d,l){\"use strict\";l.querySelector&&d.addEventListener&&\"undefined\"!=typeof URL&&(d.wp=d.wp||{},d.wp.receiveEmbedMessage||(d.wp.receiveEmbedMessage=function(e){var t=e.data;if((t||t.secret||t.message||t.value)&&!\/[^a-zA-Z0-9]\/.test(t.secret)){for(var s,r,n,a=l.querySelectorAll('iframe[data-secret=\"'+t.secret+'\"]'),o=l.querySelectorAll('blockquote[data-secret=\"'+t.secret+'\"]'),c=new RegExp(\"^https?:$\",\"i\"),i=0;i<o.length;i++)o[i].style.display=\"none\";for(i=0;i<a.length;i++)s=a[i],e.source===s.contentWindow&&(s.removeAttribute(\"style\"),\"height\"===t.message?(1e3<(r=parseInt(t.value,10))?r=1e3:~~r<200&&(r=200),s.height=r):\"link\"===t.message&&(r=new URL(s.getAttribute(\"src\")),n=new URL(t.value),c.test(n.protocol))&&n.host===r.host&&l.activeElement===s&&(d.top.location.href=t.value))}},d.addEventListener(\"message\",d.wp.receiveEmbedMessage,!1),l.addEventListener(\"DOMContentLoaded\",function(){for(var e,t,s=l.querySelectorAll(\"iframe.wp-embedded-content\"),r=0;r<s.length;r++)(t=(e=s[r]).getAttribute(\"data-secret\"))||(t=Math.random().toString(36).substring(2,12),e.src+=\"#?secret=\"+t,e.setAttribute(\"data-secret\",t)),e.contentWindow.postMessage({message:\"ready\",secret:t},\"*\")},!1)))}(window,document);\n\/\/# sourceURL=https:\/\/evsare.com\/wp-includes\/js\/wp-embed.min.js\n\/* ]]> *\/\n<\/script>\n","description":"[vc_section full_width=&#8221;stretch_row&#8221; css=&#8221;.vc_custom_1567380472829{padding-top: 70px !important;padding-bottom: 70px !important;}&#8221;][vc_row][vc_column column_padding=&#8221;padding-2&#8243; width=&#8221;1\/2&#8243;][vc_column_text el_class=&#8221;cnc-headline&#8221;] A EVsare \u00e9 constitu\u00edda em 2010 com a miss\u00e3o de: [\/vc_column_text][vc_column_text]Criar a rede de carregamento de ve\u00edculos el\u00e9tricos e ser uma refer\u00eancia em tecnologia e solu\u00e7\u00f5es de carregamento e mobilidade. Desde a sua origem, a empresa tem-se desenvolvido em estreita colabora\u00e7\u00e3o com centros tecnol\u00f3gicos e com a ind\u00fastria autom\u00f3vel.[\/vc_column_text][vc_column_text el_class=&#8221;cnc-headline&#8221;] Origem [\/vc_column_text][vc_column_text]A EVsare nasce gra\u00e7as a um acordo de colabora\u00e7\u00e3o entre o Ente Vasco da Energia (EVE) e a Repsol, sob a marca IBIL, gestor de carregamento de ve\u00edculos el\u00e9tricos. Ap\u00f3s a assinatura deste acordo em outubro de 2009 e a posterior elabora\u00e7\u00e3o do plano de neg\u00f3cios, a sociedade \u00e9 constitu\u00edda a 13 de outubro de 2010, com participa\u00e7\u00e3o de 50% por cada um dos dois s\u00f3cios promotores. Em maio de 2024, os s\u00f3cios d\u00e3o mais um passo na sua alian\u00e7a e anunciam a cria\u00e7\u00e3o da nova filial, EVsare, cujo \u00fanico acionista \u00e9 a Repsol.\u00a0[\/vc_column_text][\/vc_column][vc_column column_padding=&#8221;padding-2&#8243; column_center=&#8221;true&#8221; text_align=&#8221;center&#8221; width=&#8221;1\/2&#8243;][vc_row_inner][vc_column_inner width=&#8221;1\/2&#8243;][\/vc_column_inner][vc_column_inner width=&#8221;1\/2&#8243;][\/vc_column_inner][\/vc_row_inner][\/vc_column][\/vc_row][\/vc_section][vc_section full_width=&#8221;stretch_row&#8221; css=&#8221;.vc_custom_1761829838528{padding-top: 70px !important;padding-bottom: 70px !important;background-color: #cbcbcb !important;}&#8221; el_class=&#8221;ocultar-bloque&#8221;][vc_row][vc_column column_padding=&#8221;padding-2&#8243; width=&#8221;2\/5&#8243;][vc_column_text el_class=&#8221;cnc-headline&#8221;] Experi\u00eancia e conhecimentos ao servi\u00e7o da transi\u00e7\u00e3o energ\u00e9tica [\/vc_column_text][vc_column_text]Hoje em dia a IBIL \u00e9 o operador com a maior rede de pontos de carregamento, com mais de [&hellip;]"}

10 ANOS DE EXPERIÊNCIA EM MOBILIDADE ELÉTRICA - EVsare

<blockquote class="wp-embedded-content" data-secret="ndQhAlp1Gm"><a href="https://evsare.com/pt/quienes-somos/">10 ANOS DE EXPERIÊNCIA <br/>EM MOBILIDADE ELÉTRICA</a></blockquote><iframe sandbox="allow-scripts" security="restricted" src="https://evsare.com/pt/quienes-somos/embed/#?secret=ndQhAlp1Gm" width="600" height="338" title="&#8220;10 ANOS DE EXPERIÊNCIA &lt;br/&gt;EM MOBILIDADE ELÉTRICA&#8221; &#8212; EVsare" data-secret="ndQhAlp1Gm" frameborder="0" marginwidth="0" marginheight="0" scrolling="no" class="wp-embedded-content"></iframe><script type="text/javascript">
/* <![CDATA[ */
/*! This file is auto-generated */
!function(d,l){"use strict";l.querySelector&&d.addEventListener&&"undefined"!=typeof URL&&(d.wp=d.wp||{},d.wp.receiveEmbedMessage||(d.wp.receiveEmbedMessage=function(e){var t=e.data;if((t||t.secret||t.message||t.value)&&!/[^a-zA-Z0-9]/.test(t.secret)){for(var s,r,n,a=l.querySelectorAll('iframe[data-secret="'+t.secret+'"]'),o=l.querySelectorAll('blockquote[data-secret="'+t.secret+'"]'),c=new RegExp("^https?:$","i"),i=0;i<o.length;i++)o[i].style.display="none";for(i=0;i<a.length;i++)s=a[i],e.source===s.contentWindow&&(s.removeAttribute("style"),"height"===t.message?(1e3<(r=parseInt(t.value,10))?r=1e3:~~r<200&&(r=200),s.height=r):"link"===t.message&&(r=new URL(s.getAttribute("src")),n=new URL(t.value),c.test(n.protocol))&&n.host===r.host&&l.activeElement===s&&(d.top.location.href=t.value))}},d.addEventListener("message",d.wp.receiveEmbedMessage,!1),l.addEventListener("DOMContentLoaded",function(){for(var e,t,s=l.querySelectorAll("iframe.wp-embedded-content"),r=0;r<s.length;r++)(t=(e=s[r]).getAttribute("data-secret"))||(t=Math.random().toString(36).substring(2,12),e.src+="#?secret="+t,e.setAttribute("data-secret",t)),e.contentWindow.postMessage({message:"ready",secret:t},"*")},!1)))}(window,document);
//# sourceURL=https://evsare.com/wp-includes/js/wp-embed.min.js
/* ]]> */
</script>

[vc_section full_width=&#8221;stretch_row&#8221; css=&#8221;.vc_custom_1567380472829{padding-top: 70px !important;padding-bottom: 70px !important;}&#8221;][vc_row][vc_column column_padding=&#8221;padding-2&#8243; width=&#8221;1/2&#8243;][vc_column_text el_class=&#8221;cnc-headline&#8221;] A EVsare é constituída em 2010 com a missão de: [/vc_column_text][vc_column_text]Criar a rede de carregamento de veículos elétricos e ser uma referência em tecnologia e soluções de carregamento e mobilidade. Desde a sua origem, a empresa tem-se desenvolvido em estreita colaboração com centros tecnológicos e com a indústria automóvel.[/vc_column_text][vc_column_text el_class=&#8221;cnc-headline&#8221;] Origem [/vc_column_text][vc_column_text]A EVsare nasce graças a um acordo de colaboração entre o Ente Vasco da Energia (EVE) e a Repsol, sob a marca IBIL, gestor de carregamento de veículos elétricos. Após a assinatura deste acordo em outubro de 2009 e a posterior elaboração do plano de negócios, a sociedade é constituída a 13 de outubro de 2010, com participação de 50% por cada um dos dois sócios promotores. Em maio de 2024, os sócios dão mais um passo na sua aliança e anunciam a criação da nova filial, EVsare, cujo único acionista é a Repsol. [/vc_column_text][/vc_column][vc_column column_padding=&#8221;padding-2&#8243; column_center=&#8221;true&#8221; text_align=&#8221;center&#8221; width=&#8221;1/2&#8243;][vc_row_inner][vc_column_inner width=&#8221;1/2&#8243;][/vc_column_inner][vc_column_inner width=&#8221;1/2&#8243;][/vc_column_inner][/vc_row_inner][/vc_column][/vc_row][/vc_section][vc_section full_width=&#8221;stretch_row&#8221; css=&#8221;.vc_custom_1761829838528{padding-top: 70px !important;padding-bottom: 70px !important;background-color: #cbcbcb !important;}&#8221; el_class=&#8221;ocultar-bloque&#8221;][vc_row][vc_column column_padding=&#8221;padding-2&#8243; width=&#8221;2/5&#8243;][vc_column_text el_class=&#8221;cnc-headline&#8221;] Experiência e conhecimentos ao serviço da transição energética [/vc_column_text][vc_column_text]Hoje em dia a IBIL é o operador com a maior rede de pontos de carregamento, com mais de [&hellip;]
